 39 a factor of 393735030?
True
Is 26 a factor of 380172?
True
Does 13 divide 351446355?
True
Is 107 a factor of 1370777?
True
Is 2429790 a multiple of 74?
True
Is 5431055 a multiple of 19?
True
Is 11 a factor of 131694877?
False
Is 814135531 a multiple of 415?
False
Does 12 divide 34010520?
True
Does 6 divide 1842785717?
False
Does 113 divide 51066056?
True
Does 553 divide 36651734?
True
Does 891 divide 79656291?
True
Is 48 a factor of 28176768?
True
Is 12 a factor of 36229011?
False
Is 4 a factor of 2228452?
True
Does 15 divide 536600235?
True
Is 130597880 a multiple of 23?
False
Is 774909600 a multiple of 8?
True
Is 37 a factor of 2961973471?
False
Is 4331 a factor of 36705225?
True
Does 3177 divide 315875537?
False
Is 57 a factor of 60477630?
False
Is 8 a factor of 977904?
True
Is 138871025 a multiple of 25?
True
Is 60248100 a multiple of 20?
True
Is 3404 a factor of 3256287815?
False
Is 6192563454 a multiple of 2646?
True
Is 28 a factor of 42934118?
False
Is 16 a factor of 305946880?
True
Does 415 divide 8350630?
True
Is 385573188 a multiple of 1001?
True
Is 76 a factor of 16561388?
True
Does 24 divide 130683048?
True
Is 2 a factor of 244304598?
True
Does 3 divide 7855632?
True
Does 39 divide 99319192?
False
Does 6845 divide 1632511965?
True
Is 147448462 a multiple of 2320?
False
Does 954 divide 472270068?
True
Is 895 a factor of 205347010?
True
Does 106 divide 552154?
True
Does 657 divide 25537907?
False
Is 997341765 a multiple of 56?
False
Is 41 a factor of 158591755?
False
Is 522 a factor of 29356236?
True
Is 98 a factor of 127554586?
False
Does 2435 divide 1567203196?
False
Is 11 a factor of 142742914?
False
Is 146953412 a multiple of 63?
False
Does 576 divide 1114554347?
False
Is 168 a factor of 4037160?
False
Is 15207730 a multiple of 4?
False
Is 3050 a factor of 32638050?
True
Is 10 a factor of 689614752?
False
Is 4 a factor of 16207830?
False
Is 48935714 a multiple of 1498?
False
Is 30 a factor of 997217190?
True
Is 879212700 a multiple of 620?
True
Does 41 divide 992569381?
False
Is 742029090 a multiple of 17?
True
Is 14 a factor of 3092263?
False
Is 2823410 a multiple of 698?
True
Is 9 a factor of 17475390?
True
Does 2021 divide 366456959?
False
Is 82964410 a multiple of 3053?
False
Does 1612 divide 100879076?
False
Does 320 divide 443877650?
False
Is 4 a factor of 553091?
False
Does 63 divide 40872762?
True
Is 10042241 a multiple of 201?
False
Does 188 divide 13575342?
False
Is 88043743 a multiple of 71?
False
Does 16 divide 129868465?
False
Is 172077689 a multiple of 413?
True
Is 36 a factor of 445464?
True
Is 163513926 a multiple of 10?
False
Is 78332743 a multiple of 399?
False
Does 238 divide 2723156249?
False
Is 35 a factor of 3421544309?
False
Is 461992943 a multiple of 130?
False
Is 9452 a factor of 1923226796?
True
Does 1041 divide 633518247?
True
Does 62 divide 99598350?
True
Is 135918393 a multiple of 39?
True
Does 14 divide 18068540?
True
Is 7 a factor of 325185093?
False
Is 464 a factor of 11968049?
False
Is 16 a factor of 51440211?
False
Does 68 divide 12563266?
False
Is 85 a factor of 44090937?
False
Is 436 a factor of 15586985?
False
Is 17303343 a multiple of 29?
True
Is 32015697 a multiple of 21?
True
Is 4 a factor of 21525670?
False
Is 212175851 a multiple of 149?
True
Does 293 divide 267626493?
True
Is 87 a factor of 949965746?
False
Does 3 divide 22509494?
False
Is 26917859 a multiple of 2842?
False
Is 2803 a factor of 1764356759?
True
Does 27 divide 766188144?
False
Is 3496185240 a multiple of 1410?
True
Is 1448 a factor of 7290680?
True
Is 761538350 a multiple of 250?
False
Is 10274 a factor of 555853153?
False
Is 3270 a factor of 34561046?
False
Is 90898 a multiple of 130?
False
Is 2779 a factor of 972601290?
False
Is 9 a factor of 62309330?
False
Is 2020074965 a multiple of 31?
False
Is 54945766 a multiple of 3?
False
Is 210346860 a multiple of 15?
True
Is 1934 a factor of 78352741?
False
Is 2 a factor of 141394199?
False
Does 3 divide 19897355?
False
Does 11 divide 206840638?
False
Is 42 a factor of 570603978?
True
Is 195 a factor of 6323483?
False
Does 66 divide 38271750?
True
Is 1038504685 a multiple of 89?
False
Is 324 a factor of 414959538?
False
Does 181 divide 213083155?
True
Is 2895 a factor of 33741225?
True
Is 3819 a factor of 1472319975?
True
Is 766598546 a multiple of 678?
False
Is 577426476 a multiple of 2193?
False
Does 82 divide 237448302?
True
Does 5 divide 17769770?
True
Does 71 divide 2360543745?
True
Does 15 divide 10198346?
False
Does 1530 divide 99586170?
True
Does 287 divide 94392291?
True
Does 71 divide 72658337?
False
Is 21 a factor of 15371210?
False
Is 1690 a factor of 884304330?
True
Is 57022972 a multiple of 6?
False
Is 158427371 a multiple of 1393?
False
Is 4355651594 a multiple of 10?
False
Does 114 divide 120970188?
True
Does 28 divide 3910450236?
True
Is 418 a factor of 266422994?
False
Is 470 a factor of 1282246923?
False
Does 51 divide 4243534402?
False
Does 1614 divide 3212111127?
False
Is 4269567482 a multiple of 13?
False
Is 745 a factor of 4690502160?
False
Is 99 a factor of 21813122?
False
Is 222 a factor of 1468781?
False
Does 846 divide 81215722?
False
Is 79641111 a multiple of 363?
True
Does 428 divide 354556056?
True
Is 278204465 a multiple of 11?
True
Is 45470321 a multiple of 6?
False
Is 47935669 a multiple of 12?
False
Is 1276 a factor of 14907781?
False
Does 58 divide 16537134?
True
Does 83 divide 71373360?
True
Is 733871 even?
False
Is 22 a factor of 204884420?
False
Does 6 divide 866959130?
False
Is 112259378 a multiple of 26?
False
Does 1318 divide 21909114?
True
Is 12 a factor of 3401042?
False
Is 745341044 a multiple of 266?
True
Is 258 a factor of 44395978?
False
Does 111 divide 4132188009?
True
Is 388 a factor of 42627132?
False
Is 2026271407 a multiple of 64?
False
Does 92 divide 3127170548?
False
Is 74900028 a multiple of 68?
True
Does 419 divide 143580484?
False
Does 288 divide 337993056?
True
Does 2927 divide 3059505290?
True
Is 1055567230 a multiple of 1615?
True
Is 5 a factor of 192505?
True
Does 5 divide 73817685?
True
Is 8 a factor of 9440568?
True
Is 1834478782 a multiple of 1081?
False
Is 2311 a factor of 1681502088?
True
Is 3 a factor of 7128561?
True
Does 420 divide 85648500?
True
Does 18 divide 35461260?
True
Is 131874668 a multiple of 5?
False
Is 13 a factor of 108385836?
True
Is 25 a factor of 88787014?
False
Does 4 divide 2039664?
True
Is 66239654 a multiple of 18?
False
Does 4556 divide 140946510?
False
Does 30 divide 336510000?
True
Does 1295 divide 173400500?
True
Does 155 divide 129543885?
True
Is 2301498288 a multiple of 2544?
True
Is 148 a factor of 1211212020?
True
Is 26 a factor of 166056547?
False
Does 171 divide 10608669?
True
Is 4173812820 a multiple of 8570?
True
Is 718 a factor of 268408774?
False
Does 30 divide 277516830?
True
Is 1303963845 a multiple of 1557?
False
Is 3478 a factor of 400032604?
True
Does 15 divide 35031060?
True
Is 191433382 a multiple of 7?
True
Is 2 a factor of 19248653?
False
Does 661 divide 56850355?
False
Does 282 divide 220386948?
True
Does 36 divide 1815093?
False
Is 2408 a factor of 332973424?
True
Is 401 a factor of 84326290?
True
Is 8 a factor of 676437080?
True
Does 21 divide 10872225?
True
Does 163 divide 237097564?
False
Does 515 divide 19256365?
True
Is 2359 a factor of 93874165?
False
Is 56547174 a multiple of 40?
False
Does 116 divide 98003064?
True
Does 251 divide 4010540701?
False
Is 120226640 a multiple of 1670?
True
Is 738 a factor of 1744632?
True
Is 10 a factor of 9496940?
True
Is 103 a factor of 500477515?
True
Is 65 a factor of 482064676?
False
Is 25 a factor of 42481225?
True
Is 12 a factor of 2309780100?
True
Is 8310797 a multiple of 1152?
False
Is 38 a factor of 1113730790?
True
Is 12 a factor of 358840238?
False
Is 1887578 a multiple of 460?
False
Does 580 divide 231638660?
True
Does 11 divide 165324544?
True
Is 979 a factor of 1792549?
True
Is 10247680 a multiple of 3?
False
Does 195 divide 31007730?
True
Does 523 divide 1469184933?
False
Is 88571508 a multiple of 354?
True
Is 46598247 a multiple of 7?
False
Is 1153179 a multiple of 8?
False
Does 1875 divide 266368125?
True
Is 19784730 a multiple of 1806?
True
Is 95846993 a multiple of 11?
True
Does 26 divide 2344186?
Tr